of 718?
2, 359
What are the prime factors of 19624?
2, 11, 223
What are the prime factors of 3547?
3547
List the prime factors of 262.
2, 131
What are the prime factors of 1671?
3, 557
What are the prime factors of 919?
919
List the prime factors of 3229.
3229
List the prime factors of 39788.
2, 7, 29
List the prime factors of 32744.
2, 4093
List the prime factors of 107107.
7, 11, 13, 107
List the prime factors of 20461.
7, 37, 79
What are the prime factors of 79745?
5, 41, 389
What are the prime factors of 116734?
2, 58367
What are the prime factors of 18210?
2, 3, 5, 607
What are the prime factors of 2238?
2, 3, 373
List the prime factors of 13603.
61, 223
List the prime factors of 1130.
2, 5, 113
List the prime factors of 3295.
5, 659
List the prime factors of 1363.
29, 47
List the prime factors of 71300.
2, 5, 23, 31
What are the prime factors of 868?
2, 7, 31
What are the prime factors of 4127?
4127
What are the prime factors of 9370?
2, 5, 937
List the prime factors of 45096.
2, 3, 1879
List the prime factors of 22231.
11, 43, 47
What are the prime factors of 14573?
13, 19, 59
What are the prime factors of 6522?
2, 3, 1087
List the prime factors of 7437.
3, 37, 67
List the prime factors of 1673.
7, 239
List the prime factors of 2068.
2, 11, 47
List the prime factors of 1359.
3, 151
List the prime factors of 29724.
2, 3, 2477
What are the prime factors of 471?
3, 157
List the prime factors of 5305.
5, 1061
What are the prime factors of 14107?
14107
List the prime factors of 6399.
3, 79
What are the prime factors of 13542?
2, 3, 37, 61
List the prime factors of 59381.
7, 17, 499
What are the prime factors of 4722?
2, 3, 787
List the prime factors of 19139.
19139
What are the prime factors of 1549?
1549
What are the prime factors of 55052?
2, 13763
What are the prime factors of 6740?
2, 5, 337
What are the prime factors of 9626?
2, 4813
List the prime factors of 14343.
3, 7, 683
What are the prime factors of 10124?
2, 2531
List the prime factors of 1790.
2, 5, 179
List the prime factors of 75.
3, 5
List the prime factors of 3544.
2, 443
What are the prime factors of 143?
11, 13
What are the prime factors of 18028?
2, 4507
List the prime factors of 9990.
2, 3, 5, 37
List the prime factors of 1420.
2, 5, 71
What are the prime factors of 14238?
2, 3, 7, 113
What are the prime factors of 1994?
2, 997
List the prime factors of 5580.
2, 3, 5, 31
What are the prime factors of 34261?
34261
List the prime factors of 20553.
3, 13, 17, 31
What are the prime factors of 398?
2, 199
What are the prime factors of 45411?
3, 15137
List the prime factors of 1684.
2, 421
List the prime factors of 10522.
2, 5261
What are the prime factors of 34723?
13, 2671
List the prime factors of 28300.
2, 5, 283
What are the prime factors of 2321?
11, 211
What are the prime factors of 48037?
11, 397
What are the prime factors of 67646?
2, 149, 227
What are the prime factors of 7415?
5, 1483
List the prime factors of 398.
2, 199
What are the prime factors of 5014?
2, 23, 109
List the prime factors of 2678.
2, 13, 103
List the prime factors of 2146.
2, 29, 37
List the prime factors of 83653.
83653
What are the prime factors of 1000?
2, 5
List the prime factors of 4518.
2, 3, 251
List the prime factors of 385.
5, 7, 11
What are the prime factors of 101943?
3, 47, 241
What are the prime factors of 204?
2, 3, 17
What are the prime factors of 4033?
37, 109
List the prime factors of 75256.
2, 23, 409
List the prime factors of 45303.
3, 15101
List the prime factors of 199924.
2, 151, 331
List the prime factors of 2912.
2, 7, 13
List the prime factors of 52581.
3, 17, 1031
List the prime factors of 29028.
2, 3, 41, 59
What are the prime factors of 76?
2, 19
List the prime factors of 202789.
149, 1361
List the prime factors of 2807.
7, 401
List the prime factors of 15511.
15511
List the prime factors of 1022.
2, 7, 73
What are the prime factors of 302?
2, 151
List the prime factors of 12908.
2, 7, 461
List the prime factors of 1940.
2, 5, 97
What are the prime factors of 147?
3, 7
What are the prime factors of 383?
383
List the prime factors of 1013.
1013
List the prime factors of 1100.
2, 5, 11
List the prime factors of 19605.
3, 5, 1307
What are the prime factors of 74?
2, 37
What are the prime factors of 3045?
3, 5, 7, 29
List the prime factors of 1117.
1117
List the prime factors of 495.
3, 5, 11
What are the prime factors of 3078?
2, 3, 19
What are the prime factors of 73929?
3, 19, 1297
What are the prime factors of 33889?
33889
What are the prime factors of 3710?
2, 5, 7, 53
What are the prime factors of 12279?
3, 4093
List the prime factors of 59308.
2, 14827
What are the prime factors of 3897?
3, 433
List the prime factors of 842.
2, 421
What are the prime factors of 1103?
1103
What are the prime factors of 10464?
2, 3, 109
What are the prime factors of 43415?
5, 19, 457
List the prime factors of 2721.
3, 907
List the prime factors of 14451.
3, 4817
What are the prime factors of 396?
2, 3, 11
List the prime factors of 643.
643
What are the prime factors of 1770?
2, 3, 5, 59
List the prime factors of 3229.
3229
List the prime factors of 20565.
3, 5, 457
What are the prime factors of 105390?
2, 3, 5, 1171
List the prime factors of 1630.
2, 5, 163
List the prime factors of 1749.
3, 11, 53
What are the prime factors of 3238?
2, 1619
List the prime factors of 70512.
2, 3, 13, 113
List the prime factors of 367.
367
List the prime factors of 34328.
2, 7, 613
What are the prime factors of 9142?
2, 7, 653
List the prime factors of 13651.
11, 17, 73
List the prime factors of 1813.
7, 37
What are the prime factors of 8390?
2, 5, 839
What are the prime factors of 3693?
3, 1231
What are the prime factors of 61215?
3, 5, 7, 11, 53
What are the prime factors of 14193?
3, 19, 83
What are the prime factors of 981?
3, 109
List the prime factors of 2213.
2213
What are the prime factors of 1037?
17, 61
What are the prime factors of 736?
2, 23
What are the prime factors of 2056?
2, 257
List the prime factors of 977.
977
What are the prime factors of 3477?
3, 19, 61
List the prime factors of 932.
2, 233
What are the prime factors of 691?
691
List the prime factors of 1299.
3, 433
What are the prime factors of 24965?
5, 4993
What are the prime factors of 26480?
2, 5, 331
List the prime factors of 4451.
4451
List the prime factors of 2918.
2, 1459
What are the prime factors of 337?
337
What are the prime factors of 2531?
2531
What are the prime factors of 229?
229
What are the prime factors of 36480?
2, 3, 5, 19
What are the prime factors of 3266?
2, 23, 71
What are the prime factors of 15672?
2, 3, 653
List the prime factors of 48781.
48781
List the prime factors of 17510.
2, 5, 17, 103
What are the prime factors of 3084?
2, 3, 257
List the prime factors of 1688.
2, 211
What are the prime factors of 1519?
7, 31
What are the prime factors of 18263?
7, 2609
List the prime factors of 7067.
37, 191
What are the prime factors of 4075?
5, 163
List the prime factors of 13175.
5, 17, 31
What are the prime factors of 2371?
2371
What are the prime factors of 8285?
5, 1657
What are the prime factors of 8905?
5, 13, 137
What are the prime factors of 1195?
5, 239
What are the prime factors of 9925?
5, 397
List the prime factors of 6915.
3, 5, 461
List the prime factors of 6662.
2, 3331
What are the prime factors of 19659?
3, 6553
List the prime factors of 19901.
7, 2843
What are the prime factors of 86838?
2, 3, 41, 353
What are the prime factors of 5329?
73
List the prime factors of 6277.
6277
What are the prime factors of 2333?
2333
What are the prime factors of 5915?
5, 7, 13
What are the prime factors of 994?
2, 7, 71
List the prime factors of 4522.
2, 7, 17, 19
List the prime factors of 2118.
2, 3, 353
List the prime factors of 2102.
2, 1051
List the prime factors of 1483.
1483
List the prime factors of 1887.
3, 17, 37
List the prime factors of 5732.
2, 1433
List the prime factors of 2862.
2, 3, 53
List the prime factors of 1018.
2, 509
List the prime factors of 4761.
3, 23
What are the prime factors of 22874?
2, 11437
What are the prime factors of 132134?
2, 66067
List the prime factors of 444.
2, 3, 37
List the prime factors of 195258.
2, 3, 7, 4649
List the prime factors of 26878.
2, 89, 151
Wha